p**3 + 6 - 4*p**2. Suppose -y + 3*b + 17 = -b, 4*b - 13 = -5*y. Let v be s(y). Calculate l(v).
4
Let z(o) = o**3 - 5*o**2 + o - 2. Let g(a) = -a**2. Let c(x) = 4*g(x) - z(x). Determine c(0).
2
Let m(c) = -18 - 3*c + 6 + 7 + 3. What is m(-2)?
4
Let f(w) = 2*w**3 - w. Let v be f(-1). Let z(r) = -6*r**3 + 6*r**2 - r. Let q(l) = l + 3*l**2 - l - 4*l**2. Let h(i) = -6*q(i) - z(i). Calculate h(v).
-7
Let u = -8 - -9. Let b(q) = -q**2 + 1. Let a be b(u). Let x(f) = -f**3 + 1 + f**2 + f - 4 + 0. Determine x(a).
-3
Let m be 2/(-7) + (-32)/(-14). Let g(t) = -5*t + 0*t**3 - 1 + m - 3*t**2 + 5 + t**3. Suppose 35 = 5*x + 3*k, -1 = -2*x - k + 12. Determine g(x).
2
Let k be -2 + 6*2/3. Suppose 16 = 3*a + k*a + 4*d, -a = -2*d + 8. Let v(b) = -b**3 + b**2 - 2*b - 2. Let t(j) = j + 1. Let o(y) = -t(y) - v(y). Give o(a).
1
Let w(u) be the second derivative of 0*u**2 + 1/12*u**4 - 1/120*u**5 + 0*u**3 - 1/90*u**6 + 0 - 3*u. Let x(z) be the third derivative of w(z). Determine x(-1).
7
Let f(l) be the first derivative of -l**3/3 + 3*l**2 + 5*l - 16. What is f(5)?
10
Let q(c) be the second derivative of -1/12*c**4 + 1/6*c**3 + 0 - 8*c + c**2. What is q(0)?
2
Let o(y) = 11*y**2 - 6*y - 5. Let a(n) = 13*n**2 - 4 - 3*n**2 - 6*n + 2*n - n. Let k(z) = -4*a(z) + 3*o(z). Determine k(-1).
-8
Let z be (-40)/8 - (-2 - 0)/2. Let q(b) = -b**3 - 4*b**2 + 2*b + 6. What is q(z)?
-2
Suppose -2*g - 3*r = -11, 2*r + 6 = 2*g - 0. Let a(i) = 2*i. Give a(g).
8
Let b(d) = d + 3. Suppose -2*k = -3*r + 11, 7 = 2*r - 2*k + k. Calculate b(r).
6
Let o(c) = -c + 14*c**2 - 6 + 6*c**3 - 6*c**2 - 5*c**3. Give o(-8).
2
Let o(d) = 2*d - 6. Suppose z - 2*i = -8 + 3, 0 = -4*i + 8. Let t(h) = h - 1. Let s(w) = z*o(w) + 3*t(w). What is s(3)?
6
Suppose -9 = -i - 2*c - c, -4*i + 4*c = -4. Let s(o) = -o**2 + o - 3*o - 24*o**3 + 25*o**i - 4. Give s(3).
8
Let a(v) = -47 - 37 + 3*v + 86. Let j(t) = t + 1. Let f be j(2). Let s(z) = -4*z - 2. Let h(y) = f*a(y) + 2*s(y). Determine h(3).
5
Let y(q) = 2*q**3 - 2*q**2 - q. Suppose -6*o = -7*o - 6. Let g = -7 - o. Give y(g).
-3
Let y be 4/(-6) - (-51)/9. Let h(n) be the first derivative of -n**2/2 + 5*n - 12. Give h(y).
0
Suppose f - 3 = -2*f. Let o = -21 - -30. Let l(n) = 11*n**3 + 2*n**2 + 9*n - 9. Let k(r) = -5*r**3 - r**2 - 4*r + 4. Let z(x) = o*k(x) + 4*l(x). What is z(f)?
-2
Let n(h) = -h**2 + 6*h + 5. Let v be ((0 - 0) + 14)/(1 - -1). Determine n(v).
-2
Let c = -2 + 3. Let o(l) = 4*l - 6*l - 3*l + 0*l. What is o(c)?
-5
Let n = -1 + 1. Let p = 1 + -1. Let b(g) = 1 + p*g**2 - 3*g**2 + 4*g**2 + 3. Determine b(n).
4
Let z(h) = 1 + 1 - h**2 + 2 - h + 1. What is z(-4)?
-7
Let c(z) = 3*z**3 - 2*z**2 - 2*z - 1. Let j be c(-1). Suppose -m + 15 = -l, -2*m - 26 = 2*l - 0. Let s be (8/l)/(j/14). Let o(k) = -2*k + 2. Determine o(s).
-2
Let k(r) be the first derivative of r**2 + 0*r + 2 + 1/3*r**3. What is k(-2)?
0
Let g(r) = 10*r**2 + r + 1. Let k be g(-1). Let v be k/14 + (-2)/(-7). Let w(u) = 102 - 5*u - 102. Give w(v).
-5
Suppose 5*b - 7 = -12. Let y(k) = -7*k**3 + 2*k**2 + k. Calculate y(b).
8
Let o(l) be the first derivative of l**3/6 - 7*l**2/2 - 8*l + 9. Let m(i) be the first derivative of o(i). Calculate m(5).
-2
Let l(j) be the second derivative of j**3/3 + j**2/2 + j. Let o(d) = d + 4 + 2 - 5 + 8. Let s be o(-5). Calculate l(s).
9
Suppose 33 = 4*t + 3*f, -5*t - 3*f + 7*f + 18 = 0. Suppose -t*z = -15 - 3. Let y(n) = -n**2 + 2*n + 1. Calculate y(z).
-2
Let u(t) = -2*t**2 + t + 1. Let m = -4 + -2. Let j be (-5)/(-25) + m/5. Calculate u(j).
-2
Suppose -11 - 9 = 5*u. Suppose 3*a = 5*k + 23, -5*a - 3*k + 21 = -a. Let n(f) = 4*f - a*f + f. Calculate n(u).
4
Let i(c) = -c**2 + c. Let j(y) = -8*y**2 - 2*y. Let v(x) = -i(x) - j(x). Calculate v(1).
10
Suppose 0 = -3*b - 0*b - 6. Let f(u) = -u - 1. Determine f(b).
1
Let v(n) = 6*n - 9. Let p(o) = 1 - 2 - 8 + 12*o - 5*o. Let d(g) = -g + 4. Let f be d(0). Let k(a) = f*p(a) - 5*v(a). Give k(6).
-3
Let n(b) be the third derivative of 0*b**4 + 0*b + 1/120*b**6 - 1/6*b**3 + 0 - 1/20*b**5 + b**2. Suppose -2 - 4 = -2*r. Calculate n(r).
-1
Let a(u) = u**3 - 2*u**2 - u + 2. Let n be (-7)/(-3) + (-2)/6. Give a(n).
0
Let h(r) = r**3 + 29 - 15 + 5*r**2 - 8 + 4*r. Calculate h(-5).
-14
Let k(y) be the second derivative of -y**5/20 + y**4/6 - y**3/6 - y**2 - 63*y. Give k(2).
-4
Suppose 0 = 4*z + 3 - 11. Let f be 3*z/9*-6. Let y(k) = -5*k - 2*k - 4 - 4*k**2 + 2*k**2. Determine y(f).
-8
Let x(c) = c - 2. Let w(k) = k. Let l(h) = 2*w(h) + x(h). Determine l(2).
4
Suppose 2*f + 4*k + 2 = 2*k, 2*f - 3*k - 13 = 0. Let h(i) be the first derivative of -5*i - f + 1/2*i**2. Determine h(5).
0
Suppose 6*n = 9*n + 3*d, 2*n + 5*d = 12. Let y(g) = g**2 + g + 4. Determine y(n).
16
Let m(l) = -l**3 + 5*l**2 - l + 4. Let k be m(5). Let z = k - 2. Let v(q) = 0 - 6 + 2 - 1 - q. What is v(z)?
-2
Let a(p) be the third derivative of -p**8/20160 + p**7/5040 - p**5/10 - 8*p**2. Let h(d) be the third derivative of a(d). Determine h(-1).
-2
Let b(m) be the third derivative of m**5/30 - 5*m**4/24 + m**3/3 - 3*m**2. Give b(3).
5
Let d be (-6)/(-7)*(-17 + 10). Let p(h) = h - 5. Let n(r) = -r + 5. Let m(g) = -6*n(g) - 7*p(g). What is m(d)?
11
Let s be -1 + -1*-1*3. Let l(a) be the second derivative of a**5/20 - a**4/3 + a**3/2 + 2*a - 129. Calculate l(s).
-2
Let x(q) be the second derivative of q**5/20 - q**4/2 + q**3/2 + 3*q**2 + 14*q. Give x(6).
24
Let p(u) be the second derivative of -u**4/24 - 4*u**3/3 + 3*u**2/2 + 2*u. Let s(j) be the first derivative of p(j). Calculate s(-6).
-2
Let j = 9 - 3. Let m be -2*3/(j/(-4)). Let a(s) = s + m*s - s - 6*s - 3. What is a(-5)?
7
Let s(t) = -t**2 + 6*t - 3. Let n(h) = 5*h**3 + 2*h**2 - 3*h + 2. Let j be n(1). Give s(j).
-3
Let s(j) = 2*j + 4. Let c be s(-3). Let n(m) = -m + 18. Let k(a) = a + 4. Let t(v) = -5*k(v) + n(v). Give t(c).
10
Let t = -56 - -53. Let z(m) = m**3 + 2*m**2 - 3*m + 2. Give z(t).
2
Suppose -3*o = -4*b - 0*b - 11, 4*b - 29 = -5*o. Let d(i) = 2*i. Let f(c) = -c - 1. Let j(t) = 2*d(t) + 2*f(t). Calculate j(o).
8
Let s(u) = 12*u + 9. Let i(f) = 5*f + 4. Let n(x) = -5*i(x) + 2*s(x). Give n(-3).
1
Let i(w) = -w**2 + 4*w - 2. Suppose -2*a + 6*a = 0. Let y(m) = -m**3 + m**2 + m - 2. Let j be y(a). Let g be j/(-5) + (-39)/(-15). Determine i(g).
1
Let w(y) = -y + 8. Let f be w(12). Let z(k) be the third derivative of k**4/24 - k**3/2 + 2*k**2. What is z(f)?
-7
Let a(r) be the second derivative of r**8/6720 + r**7/504 + r**6/144 - r**5/60 + r**4/4 + 2*r. Let l(t) be the third derivative of a(t). Determine l(-4).
-6
Let y(l) be the first derivative of -l**2 - l - 4. Suppose 1 = -h + 2. Let m be 1 - h - 10/2. Calculate y(m).
9
Let o be 7 + -71 + 8/2. Let a be 6/9 + o/(-18). Let r(f) = -f**2 + 2*f + 4. Determine r(a).
-4
Let u(r) be the first derivative of r**3/3 - 3*r**2/2 - 2*r + 3. Let j(z) = -z**2 + 28*z - 2. Let y be j(28). Calculate u(y).
8
Suppose 56 = 4*x + 44. Let h(p) = -5*p + 4. Give h(x).
-11
Let x(q) = q**3 + q**2 + q - 1. Let b(w) = 3*w**3 - 3. Let n(o) = b(o) - 4*x(o). Give n(-3).
4
Let s(r) = -r**3 + 4*r**2 + 4*r - 2. Let j be ((-5)/(-3))/((-1)/(-15)*5). What is s(j)?
-7
Let l(s) = s**2 + 3*s - 4. Let n be l(-4). Let p(f) be the first derivative of f**2/2 + 2*f - 1. What is p(n)?
2
Let k = -6 - -8. Suppose -k*i = t - 5, 42 = 3*i - 3*t + 12. Let y(u) = -4*u**2 + 4*u + 2. Let h(x) = 3*x**2 - 4*x - 2. Let d(j) = 3*h(j) + 2*y(j). Give d(i).
3
Suppose 4*c = -4*h, -3*c + 12 = 2*c + h. Let f(o) = o**2 - o. Give f(c).
6
Suppose 90 - 6 = 14*y. Let l(m) = m**2 - 5*m - 8. Give l(y).
-2
Suppose -2*z = -5*z - 18. Let y(g) = 4 - 953*g**3 + 2*g**2 + 954*g**3 + 4*g**2. Calculate y(z).
4
Let j be 102/(-24) + 6/(-8). Let c be 10/j + -2 + 1. Let q(b) = b**3 + 2*b**2 - 3*b + 2. Determine q(c).
2
Suppose 32 + 46 = 3*b. Let s(c) = -2*c + c**2 - c - b + 19. Determine s(5).
3
Let u(k) be the first derivative of -k**3/3 - 5*k**2/2 - 5*k + 1. Let c(a) = -6*a + 1. Let s be c(-1). Suppose -3*n = -s*n - 16. Determine u(n).
-1
Let k(h) = -h - 5. Let g be k(-7). Suppose -g = -2*n - 0. Let w(l) = -3 + 1 + l + 1 - 4*l. Give w(n).
-4
Let g be 1/(-4) + (-108)/16. Let d = g - -11. Let l(f) = -f**3 + 4*f**2 + 2*f - 6. Calculate l(d).
2
Let h(j) = -j**2 + 1. Let m = -6 + 10. Suppose -2*b = -x, 0*x + 18 = m*x + b. Suppose 3*d - 3*k = 0, -